{"id":152,"date":"2022-01-17T01:09:19","date_gmt":"2022-01-17T01:09:19","guid":{"rendered":"https:\/\/franciscanashfic.org\/?page_id=152"},"modified":"2022-10-17T18:13:54","modified_gmt":"2022-10-17T18:13:54","slug":"semillero-vocacional","status":"publish","type":"page","link":"https:\/\/franciscanashfic.org\/index.php\/semillero-vocacional\/","title":{"rendered":"Semillero vocacional"},"content":{"rendered":"<p>[et_pb_section fb_built=&#8221;1&#8243; _builder_version=&#8221;4.16&#8243; _module_preset=&#8221;default&#8221; custom_padding=&#8221;4px|||||&#8221; global_colors_info=&#8221;{}&#8221;][et_pb_row column_structure=&#8221;1_2,1_2&#8243; _builder_version=&#8221;4.16&#8243; _module_preset=&#8221;default&#8221; global_colors_info=&#8221;{}&#8221;][et_pb_column type=&#8221;1_2&#8243; _builder_version=&#8221;4.16&#8243; _module_preset=&#8221;default&#8221; global_colors_info=&#8221;{}&#8221;][et_pb_text _builder_version=&#8221;4.16&#8243; _module_preset=&#8221;default&#8221; header_2_text_color=&#8221;#FFFFFF&#8221; header_2_font_size=&#8221;45px&#8221; background_color=&#8221;#002d62&#8243; custom_margin=&#8221;|||-200px|false|false&#8221; custom_padding=&#8221;10px|25px|10px|25px|false|false&#8221; header_2_font_size_last_edited=&#8221;off|phone&#8221; global_colors_info=&#8221;{}&#8221;]<\/p>\n<h2 style=\"text-align: right;\">Semillero Vocacional<\/h2>\n<p>[\/et_pb_text][et_pb_text _builder_version=&#8221;4.18.0&#8243; _module_preset=&#8221;default&#8221; hover_enabled=&#8221;0&#8243; global_colors_info=&#8221;{}&#8221; text_font_size=&#8221;20px&#8221; text_line_height=&#8221;1.8em&#8221; sticky_enabled=&#8221;0&#8243;]<\/p>\n<p>El Semillero Vocacional es una etapa que se ordena a la preparaci\u00f3n de las j\u00f3venes en el crecimiento de una mayor cultura religiosa-vocacional y libertad para elegir la vocaci\u00f3n espec\u00edfica a la que son llamadas.<\/p>\n<p>Durante este tiempo a las j\u00f3venes se les brinda las condiciones para que contin\u00faen sus estudios acad\u00e9micos y contin\u00faan con su acompa\u00f1amiento y discernimiento vocacional (cfr. EEGG 162).<\/p>\n<p>&nbsp;<\/p>\n<p>[\/et_pb_text][\/et_pb_column][et_pb_column type=&#8221;1_2&#8243; _builder_version=&#8221;4.16&#8243; _module_preset=&#8221;default&#8221; global_colors_info=&#8221;{}&#8221;][et_pb_gallery gallery_ids=&#8221;1435,1436,1441&#8243; fullwidth=&#8221;on&#8221; _builder_version=&#8221;4.17.4&#8243; _module_preset=&#8221;default&#8221; custom_margin=&#8221;110px||||false|false&#8221; auto=&#8221;on&#8221; global_colors_info=&#8221;{}&#8221;][\/et_pb_gallery][\/et_pb_column][\/et_pb_row][\/et_pb_section]<\/p>\n","protected":false},"excerpt":{"rendered":"<p>Semillero VocacionalEl Semillero Vocacional es una etapa que se ordena a la preparaci\u00f3n de las j\u00f3venes en el crecimiento de una mayor cultura religiosa-vocacional y libertad para elegir la vocaci\u00f3n espec\u00edfica a la que son llamadas. Durante este tiempo a las j\u00f3venes se les brinda las condiciones para que contin\u00faen sus estudios acad\u00e9micos y contin\u00faan [&hellip;]<\/p>\n","protected":false},"author":1,"featured_media":0,"parent":0,"menu_order":0,"comment_status":"closed","ping_status":"closed","template":"","meta":{"_et_pb_use_builder":"on","_et_pb_old_content":"","_et_gb_content_width":"","footnotes":""},"class_list":["post-152","page","type-page","status-publish","hentry"],"yoast_head":"<!-- This site is optimized with the Yoast SEO plugin v27.2 - https:\/\/yoast.com\/product\/yoast-seo-wordpress\/ -->\n<title>Semillero vocacional - Hermanas Franciscanas de la Inmaculada Concepci\u00f3n<\/title>\n<meta name=\"robots\" content=\"index, follow, max-snippet:-1, max-image-preview:large, max-video-preview:-1\" \/>\n<link rel=\"canonical\" href=\"https:\/\/franciscanashfic.org\/index.php\/semillero-vocacional\/\" \/>\n<meta property=\"og:locale\" content=\"es_MX\" \/>\n<meta property=\"og:type\" content=\"article\" \/>\n<meta property=\"og:title\" content=\"Semillero vocacional - Hermanas Franciscanas de la Inmaculada Concepci\u00f3n\" \/>\n<meta property=\"og:description\" content=\"Semillero VocacionalEl Semillero Vocacional es una etapa que se ordena a la preparaci\u00f3n de las j\u00f3venes en el crecimiento de una mayor cultura religiosa-vocacional y libertad para elegir la vocaci\u00f3n espec\u00edfica a la que son llamadas. Durante este tiempo a las j\u00f3venes se les brinda las condiciones para que contin\u00faen sus estudios acad\u00e9micos y contin\u00faan [&hellip;]\" \/>\n<meta property=\"og:url\" content=\"https:\/\/franciscanashfic.org\/index.php\/semillero-vocacional\/\" \/>\n<meta property=\"og:site_name\" content=\"Hermanas Franciscanas de la Inmaculada Concepci\u00f3n\" \/>\n<meta property=\"article:publisher\" content=\"https:\/\/www.facebook.com\/hermanafranciscanadelainmaculadaconcepcion\" \/>\n<meta property=\"article:modified_time\" content=\"2022-10-17T18:13:54+00:00\" \/>\n<meta name=\"twitter:card\" content=\"summary_large_image\" \/>\n<meta name=\"twitter:label1\" content=\"Tiempo de lectura\" \/>\n\t<meta name=\"twitter:data1\" content=\"1 minuto\" \/>\n<script type=\"application\/ld+json\" class=\"yoast-schema-graph\">{\"@context\":\"https:\/\/schema.org\",\"@graph\":[{\"@type\":\"WebPage\",\"@id\":\"https:\/\/franciscanashfic.org\/index.php\/semillero-vocacional\/\",\"url\":\"https:\/\/franciscanashfic.org\/index.php\/semillero-vocacional\/\",\"name\":\"Semillero vocacional - Hermanas Franciscanas de la Inmaculada Concepci\u00f3n\",\"isPartOf\":{\"@id\":\"https:\/\/franciscanashfic.org\/#website\"},\"datePublished\":\"2022-01-17T01:09:19+00:00\",\"dateModified\":\"2022-10-17T18:13:54+00:00\",\"breadcrumb\":{\"@id\":\"https:\/\/franciscanashfic.org\/index.php\/semillero-vocacional\/#breadcrumb\"},\"inLanguage\":\"es\",\"potentialAction\":[{\"@type\":\"ReadAction\",\"target\":[\"https:\/\/franciscanashfic.org\/index.php\/semillero-vocacional\/\"]}]},{\"@type\":\"BreadcrumbList\",\"@id\":\"https:\/\/franciscanashfic.org\/index.php\/semillero-vocacional\/#breadcrumb\",\"itemListElement\":[{\"@type\":\"ListItem\",\"position\":1,\"name\":\"Inicio\",\"item\":\"https:\/\/franciscanashfic.org\/\"},{\"@type\":\"ListItem\",\"position\":2,\"name\":\"Semillero vocacional\"}]},{\"@type\":\"WebSite\",\"@id\":\"https:\/\/franciscanashfic.org\/#website\",\"url\":\"https:\/\/franciscanashfic.org\/\",\"name\":\"Hermanas Franciscanas de la Inmaculada Concepci\u00f3n\",\"description\":\"\",\"publisher\":{\"@id\":\"https:\/\/franciscanashfic.org\/#organization\"},\"potentialAction\":[{\"@type\":\"SearchAction\",\"target\":{\"@type\":\"EntryPoint\",\"urlTemplate\":\"https:\/\/franciscanashfic.org\/?s={search_term_string}\"},\"query-input\":{\"@type\":\"PropertyValueSpecification\",\"valueRequired\":true,\"valueName\":\"search_term_string\"}}],\"inLanguage\":\"es\"},{\"@type\":\"Organization\",\"@id\":\"https:\/\/franciscanashfic.org\/#organization\",\"name\":\"Hermanas Franciscanas de la Inmaculada Concepci\u00f3n\",\"url\":\"https:\/\/franciscanashfic.org\/\",\"logo\":{\"@type\":\"ImageObject\",\"inLanguage\":\"es\",\"@id\":\"https:\/\/franciscanashfic.org\/#\/schema\/logo\/image\/\",\"url\":\"https:\/\/franciscanashfic.org\/wp-content\/uploads\/2022\/01\/icono.png\",\"contentUrl\":\"https:\/\/franciscanashfic.org\/wp-content\/uploads\/2022\/01\/icono.png\",\"width\":512,\"height\":512,\"caption\":\"Hermanas Franciscanas de la Inmaculada Concepci\u00f3n\"},\"image\":{\"@id\":\"https:\/\/franciscanashfic.org\/#\/schema\/logo\/image\/\"},\"sameAs\":[\"https:\/\/www.facebook.com\/hermanafranciscanadelainmaculadaconcepcion\",\"https:\/\/www.youtube.com\/@hficcasageneralmexico6665\"]}]}<\/script>\n<!-- \/ Yoast SEO plugin. -->","yoast_head_json":{"title":"Semillero vocacional - Hermanas Franciscanas de la Inmaculada Concepci\u00f3n","robots":{"index":"index","follow":"follow","max-snippet":"max-snippet:-1","max-image-preview":"max-image-preview:large","max-video-preview":"max-video-preview:-1"},"canonical":"https:\/\/franciscanashfic.org\/index.php\/semillero-vocacional\/","og_locale":"es_MX","og_type":"article","og_title":"Semillero vocacional - Hermanas Franciscanas de la Inmaculada Concepci\u00f3n","og_description":"Semillero VocacionalEl Semillero Vocacional es una etapa que se ordena a la preparaci\u00f3n de las j\u00f3venes en el crecimiento de una mayor cultura religiosa-vocacional y libertad para elegir la vocaci\u00f3n espec\u00edfica a la que son llamadas. Durante este tiempo a las j\u00f3venes se les brinda las condiciones para que contin\u00faen sus estudios acad\u00e9micos y contin\u00faan [&hellip;]","og_url":"https:\/\/franciscanashfic.org\/index.php\/semillero-vocacional\/","og_site_name":"Hermanas Franciscanas de la Inmaculada Concepci\u00f3n","article_publisher":"https:\/\/www.facebook.com\/hermanafranciscanadelainmaculadaconcepcion","article_modified_time":"2022-10-17T18:13:54+00:00","twitter_card":"summary_large_image","twitter_misc":{"Tiempo de lectura":"1 minuto"},"schema":{"@context":"https:\/\/schema.org","@graph":[{"@type":"WebPage","@id":"https:\/\/franciscanashfic.org\/index.php\/semillero-vocacional\/","url":"https:\/\/franciscanashfic.org\/index.php\/semillero-vocacional\/","name":"Semillero vocacional - Hermanas Franciscanas de la Inmaculada Concepci\u00f3n","isPartOf":{"@id":"https:\/\/franciscanashfic.org\/#website"},"datePublished":"2022-01-17T01:09:19+00:00","dateModified":"2022-10-17T18:13:54+00:00","breadcrumb":{"@id":"https:\/\/franciscanashfic.org\/index.php\/semillero-vocacional\/#breadcrumb"},"inLanguage":"es","potentialAction":[{"@type":"ReadAction","target":["https:\/\/franciscanashfic.org\/index.php\/semillero-vocacional\/"]}]},{"@type":"BreadcrumbList","@id":"https:\/\/franciscanashfic.org\/index.php\/semillero-vocacional\/#breadcrumb","itemListElement":[{"@type":"ListItem","position":1,"name":"Inicio","item":"https:\/\/franciscanashfic.org\/"},{"@type":"ListItem","position":2,"name":"Semillero vocacional"}]},{"@type":"WebSite","@id":"https:\/\/franciscanashfic.org\/#website","url":"https:\/\/franciscanashfic.org\/","name":"Hermanas Franciscanas de la Inmaculada Concepci\u00f3n","description":"","publisher":{"@id":"https:\/\/franciscanashfic.org\/#organization"},"potentialAction":[{"@type":"SearchAction","target":{"@type":"EntryPoint","urlTemplate":"https:\/\/franciscanashfic.org\/?s={search_term_string}"},"query-input":{"@type":"PropertyValueSpecification","valueRequired":true,"valueName":"search_term_string"}}],"inLanguage":"es"},{"@type":"Organization","@id":"https:\/\/franciscanashfic.org\/#organization","name":"Hermanas Franciscanas de la Inmaculada Concepci\u00f3n","url":"https:\/\/franciscanashfic.org\/","logo":{"@type":"ImageObject","inLanguage":"es","@id":"https:\/\/franciscanashfic.org\/#\/schema\/logo\/image\/","url":"https:\/\/franciscanashfic.org\/wp-content\/uploads\/2022\/01\/icono.png","contentUrl":"https:\/\/franciscanashfic.org\/wp-content\/uploads\/2022\/01\/icono.png","width":512,"height":512,"caption":"Hermanas Franciscanas de la Inmaculada Concepci\u00f3n"},"image":{"@id":"https:\/\/franciscanashfic.org\/#\/schema\/logo\/image\/"},"sameAs":["https:\/\/www.facebook.com\/hermanafranciscanadelainmaculadaconcepcion","https:\/\/www.youtube.com\/@hficcasageneralmexico6665"]}]}},"_links":{"self":[{"href":"https:\/\/franciscanashfic.org\/index.php\/wp-json\/wp\/v2\/pages\/152","targetHints":{"allow":["GET"]}}],"collection":[{"href":"https:\/\/franciscanashfic.org\/index.php\/wp-json\/wp\/v2\/pages"}],"about":[{"href":"https:\/\/franciscanashfic.org\/index.php\/wp-json\/wp\/v2\/types\/page"}],"author":[{"embeddable":true,"href":"https:\/\/franciscanashfic.org\/index.php\/wp-json\/wp\/v2\/users\/1"}],"replies":[{"embeddable":true,"href":"https:\/\/franciscanashfic.org\/index.php\/wp-json\/wp\/v2\/comments?post=152"}],"version-history":[{"count":9,"href":"https:\/\/franciscanashfic.org\/index.php\/wp-json\/wp\/v2\/pages\/152\/revisions"}],"predecessor-version":[{"id":1680,"href":"https:\/\/franciscanashfic.org\/index.php\/wp-json\/wp\/v2\/pages\/152\/revisions\/1680"}],"wp:attachment":[{"href":"https:\/\/franciscanashfic.org\/index.php\/wp-json\/wp\/v2\/media?parent=152"}],"curies":[{"name":"wp","href":"https:\/\/api.w.org\/{rel}","templated":true}]}}

<p>[et_pb_section fb_built=&#8221;1&#8243; _builder_version=&#8221;4.16&#8243; _module_preset=&#8221;default&#8221; custom_padding=&#8221;4px|||||&#8221; global_colors_info=&#8221;{}&#8221;][et_pb_row column_structure=&#8221;1_2,1_2&#8243; _builder_version=&#8221;4.16&#8243; _module_preset=&#8221;default&#8221; global_colors_info=&#8221;{}&#8221;][et_pb_column type=&#8221;1_2&#8243; _builder_version=&#8221;4.16&#8243; _module_preset=&#8221;default&#8221; global_colors_info=&#8221;{}&#8221;][et_pb_text _builder_version=&#8221;4.16&#8243; _module_preset=&#8221;default&#8221; header_2_text_color=&#8221;#FFFFFF&#8221; header_2_font_size=&#8221;45px&#8221; background_color=&#8221;#002d62&#8243; custom_margin=&#8221;|||-200px|false|false&#8221; custom_padding=&#8221;10px|25px|10px|25px|false|false&#8221; header_2_font_size_last_edited=&#8221;off|phone&#8221; global_colors_info=&#8221;{}&#8221;]</p>
<h2 style="text-align: right;">Semillero Vocacional</h2>
<p>[/et_pb_text][et_pb_text _builder_version=&#8221;4.18.0&#8243; _module_preset=&#8221;default&#8221; hover_enabled=&#8221;0&#8243; global_colors_info=&#8221;{}&#8221; text_font_size=&#8221;20px&#8221; text_line_height=&#8221;1.8em&#8221; sticky_enabled=&#8221;0&#8243;]</p>
<p>El Semillero Vocacional es una etapa que se ordena a la preparación de las jóvenes en el crecimiento de una mayor cultura religiosa-vocacional y libertad para elegir la vocación específica a la que son llamadas.</p>
<p>Durante este tiempo a las jóvenes se les brinda las condiciones para que continúen sus estudios académicos y continúan con su acompañamiento y discernimiento vocacional (cfr. EEGG 162).</p>
<p>&nbsp;</p>
<p>[/et_pb_text][/et_pb_column][et_pb_column type=&#8221;1_2&#8243; _builder_version=&#8221;4.16&#8243; _module_preset=&#8221;default&#8221; global_colors_info=&#8221;{}&#8221;][et_pb_gallery gallery_ids=&#8221;1435,1436,1441&#8243; fullwidth=&#8221;on&#8221; _builder_version=&#8221;4.17.4&#8243; _module_preset=&#8221;default&#8221; custom_margin=&#8221;110px||||false|false&#8221; auto=&#8221;on&#8221; global_colors_info=&#8221;{}&#8221;][/et_pb_gallery][/et_pb_column][/et_pb_row][/et_pb_section]</p>

<p>Semillero VocacionalEl Semillero Vocacional es una etapa que se ordena a la preparación de las jóvenes en el crecimiento de una mayor cultura religiosa-vocacional y libertad para elegir la vocación específica a la que son llamadas. Durante este tiempo a las jóvenes se les brinda las condiciones para que continúen sus estudios académicos y continúan [&hellip;]</p>

<!-- This site is optimized with the Yoast SEO plugin v27.2 - https://yoast.com/product/yoast-seo-wordpress/ -->
<title>Semillero vocacional - Hermanas Franciscanas de la Inmaculada Concepción</title>
<meta name="robots" content="index, follow, max-snippet:-1, max-image-preview:large, max-video-preview:-1" />
<link rel="canonical" href="https://franciscanashfic.org/index.php/semillero-vocacional/" />
<meta property="og:locale" content="es_MX" />
<meta property="og:type" content="article" />
<meta property="og:title" content="Semillero vocacional - Hermanas Franciscanas de la Inmaculada Concepción" />
<meta property="og:description" content="Semillero VocacionalEl Semillero Vocacional es una etapa que se ordena a la preparación de las jóvenes en el crecimiento de una mayor cultura religiosa-vocacional y libertad para elegir la vocación específica a la que son llamadas. Durante este tiempo a las jóvenes se les brinda las condiciones para que continúen sus estudios académicos y continúan [&hellip;]" />
<meta property="og:url" content="https://franciscanashfic.org/index.php/semillero-vocacional/" />
<meta property="og:site_name" content="Hermanas Franciscanas de la Inmaculada Concepción" />
<meta property="article:publisher" content="https://www.facebook.com/hermanafranciscanadelainmaculadaconcepcion" />
<meta property="article:modified_time" content="2022-10-17T18:13:54+00:00" />
<meta name="twitter:card" content="summary_large_image" />
<meta name="twitter:label1" content="Tiempo de lectura" />
	<meta name="twitter:data1" content="1 minuto" />
<script type="application/ld+json" class="yoast-schema-graph">{"@context":"https://schema.org","@graph":[{"@type":"WebPage","@id":"https://franciscanashfic.org/index.php/semillero-vocacional/","url":"https://franciscanashfic.org/index.php/semillero-vocacional/","name":"Semillero vocacional - Hermanas Franciscanas de la Inmaculada Concepción","isPartOf":{"@id":"https://franciscanashfic.org/#website"},"datePublished":"2022-01-17T01:09:19+00:00","dateModified":"2022-10-17T18:13:54+00:00","breadcrumb":{"@id":"https://franciscanashfic.org/index.php/semillero-vocacional/#breadcrumb"},"inLanguage":"es","potentialAction":[{"@type":"ReadAction","target":["https://franciscanashfic.org/index.php/semillero-vocacional/"]}]},{"@type":"BreadcrumbList","@id":"https://franciscanashfic.org/index.php/semillero-vocacional/#breadcrumb","itemListElement":[{"@type":"ListItem","position":1,"name":"Inicio","item":"https://franciscanashfic.org/"},{"@type":"ListItem","position":2,"name":"Semillero vocacional"}]},{"@type":"WebSite","@id":"https://franciscanashfic.org/#website","url":"https://franciscanashfic.org/","name":"Hermanas Franciscanas de la Inmaculada Concepción","description":"","publisher":{"@id":"https://franciscanashfic.org/#organization"},"potentialAction":[{"@type":"SearchAction","target":{"@type":"EntryPoint","urlTemplate":"https://franciscanashfic.org/?s={search_term_string}"},"query-input":{"@type":"PropertyValueSpecification","valueRequired":true,"valueName":"search_term_string"}}],"inLanguage":"es"},{"@type":"Organization","@id":"https://franciscanashfic.org/#organization","name":"Hermanas Franciscanas de la Inmaculada Concepción","url":"https://franciscanashfic.org/","logo":{"@type":"ImageObject","inLanguage":"es","@id":"https://franciscanashfic.org/#/schema/logo/image/","url":"https://franciscanashfic.org/wp-content/uploads/2022/01/icono.png","contentUrl":"https://franciscanashfic.org/wp-content/uploads/2022/01/icono.png","width":512,"height":512,"caption":"Hermanas Franciscanas de la Inmaculada Concepción"},"image":{"@id":"https://franciscanashfic.org/#/schema/logo/image/"},"sameAs":["https://www.facebook.com/hermanafranciscanadelainmaculadaconcepcion","https://www.youtube.com/@hficcasageneralmexico6665"]}]}</script>
<!-- / Yoast SEO plugin. -->

Semillero vocacional - Hermanas Franciscanas de la Inmaculada Concepción

Semillero VocacionalEl Semillero Vocacional es una etapa que se ordena a la preparación de las jóvenes en el crecimiento de una mayor cultura religiosa-vocacional y libertad para elegir la vocación específica a la que son llamadas. Durante este tiempo a las jóvenes se les brinda las condiciones para que continúen sus estudios académicos y continúan [&hellip;]

Hermanas Franciscanas de la Inmaculada Concepción
